{"id":187,"date":"2018-12-28T18:18:45","date_gmt":"2018-12-28T18:18:45","guid":{"rendered":"http:\/\/toldosmarina.com\/?page_id=187"},"modified":"2019-01-16T18:17:20","modified_gmt":"2019-01-16T18:17:20","slug":"sistemas-correderos","status":"publish","type":"page","link":"https:\/\/toldosmarina.com\/index.php\/sistemas-correderos\/","title":{"rendered":"Sistemas Correderos"},"content":{"rendered":"\n<figure class=\"wp-block-image\"><img loading=\"lazy\" decoding=\"async\" width=\"1024\" height=\"768\" src=\"http:\/\/toldosmarina.com\/wp-content\/uploads\/2019\/01\/P1000507-1024x768.jpg\" alt=\"\" class=\"wp-image-408\" srcset=\"https:\/\/toldosmarina.com\/wp-content\/uploads\/2019\/01\/P1000507-1024x768.jpg 1024w, https:\/\/toldosmarina.com\/wp-content\/uploads\/2019\/01\/P1000507-300x225.jpg 300w, https:\/\/toldosmarina.com\/wp-content\/uploads\/2019\/01\/P1000507-768x576.jpg 768w\" sizes=\"auto, (max-width: 1024px) 100vw, 1024px\" \/><\/figure>\n\n\n\n<p>Arquillada corredera cuyo funcionamiento sirve para cubrir una caja de cami\u00f3n, dumper o contenedor autoportante, constando de dos gu\u00edas de aluminio longitudinales remachadas a dichas cajas cuyo funcionamiento detallamos a continuaci\u00f3n:<\/p>\n\n\n\n<p>Cogiendo una manivela en la parte inferior y dando vueltas a la polea principal mueve una serie de sirgas sujetas al arquillo trasero el cual mueve toda la arquillada.<\/p>\n\n\n\n<p><strong>EL TOLDO<\/strong><\/p>\n\n\n\n<p>El toldo esta fabricado con material de PVC 700 gr. termo soldado llevando refuerzos en cada arquillo para proteger el roce del arquillo sobre la lona. La lona va sujetada a dicho arquillo con remaches de aluminio de ala ancha o tornillos auto-perforantes.<\/p>\n\n\n\n<p><\/p>\n\n\n\n<figure class=\"wp-block-image\"><img loading=\"lazy\" decoding=\"async\" width=\"1024\" height=\"768\" src=\"http:\/\/toldosmarina.com\/wp-content\/uploads\/2019\/01\/P1000769-1024x768.jpg\" alt=\"\" class=\"wp-image-409\" srcset=\"https:\/\/toldosmarina.com\/wp-content\/uploads\/2019\/01\/P1000769-1024x768.jpg 1024w, https:\/\/toldosmarina.com\/wp-content\/uploads\/2019\/01\/P1000769-300x225.jpg 300w, https:\/\/toldosmarina.com\/wp-content\/uploads\/2019\/01\/P1000769-768x576.jpg 768w\" sizes=\"auto, (max-width: 1024px) 100vw, 1024px\" \/><\/figure>\n\n\n\n<figure class=\"wp-block-image\"><img loading=\"lazy\" decoding=\"async\" width=\"1024\" height=\"768\" src=\"http:\/\/toldosmarina.com\/wp-content\/uploads\/2019\/01\/P1010170-1024x768.jpg\" alt=\"\" class=\"wp-image-506\" srcset=\"https:\/\/toldosmarina.com\/wp-content\/uploads\/2019\/01\/P1010170-1024x768.jpg 1024w, https:\/\/toldosmarina.com\/wp-content\/uploads\/2019\/01\/P1010170-300x225.jpg 300w, https:\/\/toldosmarina.com\/wp-content\/uploads\/2019\/01\/P1010170-768x576.jpg 768w\" sizes=\"auto, (max-width: 1024px) 100vw, 1024px\" \/><\/figure>\n\n\n\n<figure class=\"wp-block-image\"><img loading=\"lazy\" decoding=\"async\" width=\"1024\" height=\"810\" src=\"http:\/\/toldosmarina.com\/wp-content\/uploads\/2019\/01\/IMG_20181105_134013-1024x810.jpg\" alt=\"\" class=\"wp-image-546\" srcset=\"https:\/\/toldosmarina.com\/wp-content\/uploads\/2019\/01\/IMG_20181105_134013-1024x810.jpg 1024w, https:\/\/toldosmarina.com\/wp-content\/uploads\/2019\/01\/IMG_20181105_134013-300x237.jpg 300w, https:\/\/toldosmarina.com\/wp-content\/uploads\/2019\/01\/IMG_20181105_134013-768x608.jpg 768w\" sizes=\"auto, (max-width: 1024px) 100vw, 1024px\" \/><\/figure>\n\n\n\n<p><br><\/p>\n","protected":false},"excerpt":{"rendered":"<p>Arquillada corredera cuyo funcionamiento sirve para cubrir una caja de cami\u00f3n, dumper o contenedor autoportante, constando de dos gu\u00edas de aluminio longitudinales remachadas a dichas cajas cuyo funcionamiento detallamos a continuaci\u00f3n: Cogiendo una manivela en la parte inferior y dando vueltas a la polea principal mueve una serie de sirgas sujetas al arquillo trasero el [&hellip;]<\/p>\n","protected":false},"author":4,"featured_media":0,"parent":0,"menu_order":0,"comment_status":"closed","ping_status":"closed","template":"","meta":{"footnotes":""},"class_list":["post-187","page","type-page","status-publish","hentry"],"_links":{"self":[{"href":"https:\/\/toldosmarina.com\/index.php\/wp-json\/wp\/v2\/pages\/187","targetHints":{"allow":["GET"]}}],"collection":[{"href":"https:\/\/toldosmarina.com\/index.php\/wp-json\/wp\/v2\/pages"}],"about":[{"href":"https:\/\/toldosmarina.com\/index.php\/wp-json\/wp\/v2\/types\/page"}],"author":[{"embeddable":true,"href":"https:\/\/toldosmarina.com\/index.php\/wp-json\/wp\/v2\/users\/4"}],"replies":[{"embeddable":true,"href":"https:\/\/toldosmarina.com\/index.php\/wp-json\/wp\/v2\/comments?post=187"}],"version-history":[{"count":6,"href":"https:\/\/toldosmarina.com\/index.php\/wp-json\/wp\/v2\/pages\/187\/revisions"}],"predecessor-version":[{"id":547,"href":"https:\/\/toldosmarina.com\/index.php\/wp-json\/wp\/v2\/pages\/187\/revisions\/547"}],"wp:attachment":[{"href":"https:\/\/toldosmarina.com\/index.php\/wp-json\/wp\/v2\/media?parent=187"}],"curies":[{"name":"wp","href":"https:\/\/api.w.org\/{rel}","templated":true}]}}