{"id":197,"date":"2018-12-28T18:19:54","date_gmt":"2018-12-28T18:19:54","guid":{"rendered":"http:\/\/toldosmarina.com\/?page_id=197"},"modified":"2019-01-31T16:30:54","modified_gmt":"2019-01-31T16:30:54","slug":"cubas-para-pienso","status":"publish","type":"page","link":"https:\/\/toldosmarina.com\/index.php\/cubas-para-pienso\/","title":{"rendered":"Cubas para Pienso"},"content":{"rendered":"\n<figure class=\"wp-block-image\"><img loading=\"lazy\" decoding=\"async\" width=\"1024\" height=\"768\" src=\"http:\/\/toldosmarina.com\/wp-content\/uploads\/2019\/01\/IMG_20181130_172447-1024x768.jpg\" alt=\"\" class=\"wp-image-433\" srcset=\"https:\/\/toldosmarina.com\/wp-content\/uploads\/2019\/01\/IMG_20181130_172447-1024x768.jpg 1024w, https:\/\/toldosmarina.com\/wp-content\/uploads\/2019\/01\/IMG_20181130_172447-300x225.jpg 300w, https:\/\/toldosmarina.com\/wp-content\/uploads\/2019\/01\/IMG_20181130_172447-768x576.jpg 768w\" sizes=\"auto, (max-width: 1024px) 100vw, 1024px\" \/><figcaption><br><\/figcaption><\/figure>\n\n\n\n<p>Lona confeccionada en pvc 700 gr.<\/p>\n\n\n\n<p>Confecci\u00f3n de lonas para cualquier tipo de cubas , r\u00edgidas , semi-remolque , ba\u00f1eras etc&#8230;..<\/p>\n\n\n\n<p>La confecci\u00f3n de la lona puede ser est\u00e1ndar   (rectangular)  tensada por gomas y fija con pletina en un lateral  o  modelo abrelatas accion\u00e1ndose la apertura y cierre con una manivela que se inserta en un tubo o perfil  enrrollandose hacia un lado.<\/p>\n\n\n\n<p>Al no tenerse que subir a la caja evitamos posibles ca\u00eddas o accidentes.<\/p>\n\n\n\n<figure class=\"wp-block-image\"><img loading=\"lazy\" decoding=\"async\" width=\"1024\" height=\"712\" src=\"http:\/\/toldosmarina.com\/wp-content\/uploads\/2019\/01\/IMG_20181019_191617-1-1024x712.jpg\" alt=\"\" class=\"wp-image-434\" srcset=\"https:\/\/toldosmarina.com\/wp-content\/uploads\/2019\/01\/IMG_20181019_191617-1-1024x712.jpg 1024w, https:\/\/toldosmarina.com\/wp-content\/uploads\/2019\/01\/IMG_20181019_191617-1-300x209.jpg 300w, https:\/\/toldosmarina.com\/wp-content\/uploads\/2019\/01\/IMG_20181019_191617-1-768x534.jpg 768w\" sizes=\"auto, (max-width: 1024px) 100vw, 1024px\" \/><\/figure>\n\n\n\n<figure class=\"wp-block-image\"><img loading=\"lazy\" decoding=\"async\" width=\"1024\" height=\"768\" src=\"http:\/\/toldosmarina.com\/wp-content\/uploads\/2019\/01\/P1000299-1024x768.jpg\" alt=\"\" class=\"wp-image-467\" srcset=\"https:\/\/toldosmarina.com\/wp-content\/uploads\/2019\/01\/P1000299-1024x768.jpg 1024w, https:\/\/toldosmarina.com\/wp-content\/uploads\/2019\/01\/P1000299-300x225.jpg 300w, https:\/\/toldosmarina.com\/wp-content\/uploads\/2019\/01\/P1000299-768x576.jpg 768w\" sizes=\"auto, (max-width: 1024px) 100vw, 1024px\" \/><\/figure>\n\n\n\n<figure class=\"wp-block-image\"><img loading=\"lazy\" decoding=\"async\" width=\"768\" height=\"1024\" src=\"http:\/\/toldosmarina.com\/wp-content\/uploads\/2019\/01\/IMG_20181130_162940-768x1024.jpg\" alt=\"\" class=\"wp-image-576\" srcset=\"https:\/\/toldosmarina.com\/wp-content\/uploads\/2019\/01\/IMG_20181130_162940-768x1024.jpg 768w, https:\/\/toldosmarina.com\/wp-content\/uploads\/2019\/01\/IMG_20181130_162940-225x300.jpg 225w, https:\/\/toldosmarina.com\/wp-content\/uploads\/2019\/01\/IMG_20181130_162940.jpg 1200w\" sizes=\"auto, (max-width: 768px) 100vw, 768px\" \/><\/figure>\n","protected":false},"excerpt":{"rendered":"<p>Lona confeccionada en pvc 700 gr. Confecci\u00f3n de lonas para cualquier tipo de cubas , r\u00edgidas , semi-remolque , ba\u00f1eras etc&#8230;.. La confecci\u00f3n de la lona puede ser est\u00e1ndar (rectangular) tensada por gomas y fija con pletina en un lateral o modelo abrelatas accion\u00e1ndose la apertura y cierre con una manivela que se inserta en [&hellip;]<\/p>\n","protected":false},"author":4,"featured_media":0,"parent":0,"menu_order":0,"comment_status":"closed","ping_status":"closed","template":"","meta":{"footnotes":""},"class_list":["post-197","page","type-page","status-publish","hentry"],"_links":{"self":[{"href":"https:\/\/toldosmarina.com\/index.php\/wp-json\/wp\/v2\/pages\/197","targetHints":{"allow":["GET"]}}],"collection":[{"href":"https:\/\/toldosmarina.com\/index.php\/wp-json\/wp\/v2\/pages"}],"about":[{"href":"https:\/\/toldosmarina.com\/index.php\/wp-json\/wp\/v2\/types\/page"}],"author":[{"embeddable":true,"href":"https:\/\/toldosmarina.com\/index.php\/wp-json\/wp\/v2\/users\/4"}],"replies":[{"embeddable":true,"href":"https:\/\/toldosmarina.com\/index.php\/wp-json\/wp\/v2\/comments?post=197"}],"version-history":[{"count":5,"href":"https:\/\/toldosmarina.com\/index.php\/wp-json\/wp\/v2\/pages\/197\/revisions"}],"predecessor-version":[{"id":577,"href":"https:\/\/toldosmarina.com\/index.php\/wp-json\/wp\/v2\/pages\/197\/revisions\/577"}],"wp:attachment":[{"href":"https:\/\/toldosmarina.com\/index.php\/wp-json\/wp\/v2\/media?parent=197"}],"curies":[{"name":"wp","href":"https:\/\/api.w.org\/{rel}","templated":true}]}}