{"id":250,"date":"2018-12-28T18:52:09","date_gmt":"2018-12-28T18:52:09","guid":{"rendered":"http:\/\/toldosmarina.com\/?page_id=250"},"modified":"2019-01-15T18:59:02","modified_gmt":"2019-01-15T18:59:02","slug":"fit-y-buardilla","status":"publish","type":"page","link":"https:\/\/toldosmarina.com\/index.php\/fit-y-buardilla\/","title":{"rendered":"Fit y Buardilla"},"content":{"rendered":"\n<figure class=\"wp-block-image\"><img loading=\"lazy\" decoding=\"async\" width=\"415\" height=\"567\" src=\"http:\/\/toldosmarina.com\/wp-content\/uploads\/2019\/01\/H0006_567_567.jpg\" alt=\"\" class=\"wp-image-517\" srcset=\"https:\/\/toldosmarina.com\/wp-content\/uploads\/2019\/01\/H0006_567_567.jpg 415w, https:\/\/toldosmarina.com\/wp-content\/uploads\/2019\/01\/H0006_567_567-220x300.jpg 220w\" sizes=\"auto, (max-width: 415px) 100vw, 415px\" \/><\/figure>\n\n\n\n<p>Sistema pensado para ser instalado directamente a hueco de ventanas abuhardilladas sin tornillos, con diferentes grados de inclinaci\u00f3n y modelos de ventana.<\/p>\n\n\n\n<h3 class=\"wp-block-heading\">CARACTER\u00cdSTICAS<\/h3>\n\n\n\n<p>Soluciones a medida.<\/p>\n\n\n\n<p>Gran variedad de soportes de instalaci\u00f3n.<\/p>\n\n\n\n<p>Tejidos t\u00e9cnicos y decorativos.<\/p>\n\n\n\n<p>Opci\u00f3n d\u00eda y noche.<\/p>\n\n\n\n<h3 class=\"wp-block-heading\">BENEFICIOS<\/h3>\n\n\n\n<p>Se adapta a los espacios m\u00e1s especiales.<\/p>\n\n\n\n<p>Encaja perfectamente en cualquier ventana abuhardillada.<\/p>\n\n\n\n<p>Diversidad de tejidos y opciones de colores y acabados.<\/p>\n\n\n\n<p>Combina un tejido decorativo y otro oscurante.<\/p>\n\n\n\n<figure class=\"wp-block-image\"><img decoding=\"async\" src=\"https:\/\/bandalux.com\/img\/fichas\/fit7.jpg\" alt=\"\"\/><\/figure>\n\n\n\n<p>La cortina FIT puede aportar una opacidad casi total gracias a la gama de tejidos Blackouts y al sistema de gu\u00edas laterales.<\/p>\n\n\n\n<h4 class=\"wp-block-heading\"><strong>Se adhiere directamente a marcos de puertas y ventanas sin agujeros ni tornillos.<\/strong><\/h4>\n\n\n\n<h3 class=\"wp-block-heading\">CARACTER\u00cdSTICAS<\/h3>\n\n\n\n<p>Cortinas a medida.<\/p>\n\n\n\n<p>Instalaci\u00f3n directa a marco.<\/p>\n\n\n\n<p>Se adhiere al marco con el adhesivo ultrarresistente 3M.<\/p>\n\n\n\n<p>Caj\u00f3n, gu\u00edas y terminales disponibles en variedad de colores.<\/p>\n\n\n\n<h3 class=\"wp-block-heading\">BENEFICIOS<\/h3>\n\n\n\n<p>Se adaptan a tu hogar.<\/p>\n\n\n\n<p>Se integra totalmente en la estructura.<\/p>\n\n\n\n<p>Instalaci\u00f3n sin agujeros ni perforaciones.<\/p>\n\n\n\n<p>A combinar con tejidos Polyscreen, decorativos, oscurantes o metalizados.<\/p>\n","protected":false},"excerpt":{"rendered":"<p>Sistema pensado para ser instalado directamente a hueco de ventanas abuhardilladas sin tornillos, con diferentes grados de inclinaci\u00f3n y modelos de ventana. CARACTER\u00cdSTICAS Soluciones a medida. Gran variedad de soportes de instalaci\u00f3n. Tejidos t\u00e9cnicos y decorativos. Opci\u00f3n d\u00eda y noche. BENEFICIOS Se adapta a los espacios m\u00e1s especiales. Encaja perfectamente en cualquier ventana abuhardillada. Diversidad [&hellip;]<\/p>\n","protected":false},"author":4,"featured_media":0,"parent":0,"menu_order":0,"comment_status":"closed","ping_status":"closed","template":"","meta":{"footnotes":""},"class_list":["post-250","page","type-page","status-publish","hentry"],"_links":{"self":[{"href":"https:\/\/toldosmarina.com\/index.php\/wp-json\/wp\/v2\/pages\/250","targetHints":{"allow":["GET"]}}],"collection":[{"href":"https:\/\/toldosmarina.com\/index.php\/wp-json\/wp\/v2\/pages"}],"about":[{"href":"https:\/\/toldosmarina.com\/index.php\/wp-json\/wp\/v2\/types\/page"}],"author":[{"embeddable":true,"href":"https:\/\/toldosmarina.com\/index.php\/wp-json\/wp\/v2\/users\/4"}],"replies":[{"embeddable":true,"href":"https:\/\/toldosmarina.com\/index.php\/wp-json\/wp\/v2\/comments?post=250"}],"version-history":[{"count":2,"href":"https:\/\/toldosmarina.com\/index.php\/wp-json\/wp\/v2\/pages\/250\/revisions"}],"predecessor-version":[{"id":518,"href":"https:\/\/toldosmarina.com\/index.php\/wp-json\/wp\/v2\/pages\/250\/revisions\/518"}],"wp:attachment":[{"href":"https:\/\/toldosmarina.com\/index.php\/wp-json\/wp\/v2\/media?parent=250"}],"curies":[{"name":"wp","href":"https:\/\/api.w.org\/{rel}","templated":true}]}}