{"id":49,"date":"2018-08-28T10:09:12","date_gmt":"2018-08-28T10:09:12","guid":{"rendered":"http:\/\/toldosmarina.com\/?page_id=49"},"modified":"2019-01-14T08:59:36","modified_gmt":"2019-01-14T08:59:36","slug":"carpas-plegables","status":"publish","type":"page","link":"https:\/\/toldosmarina.com\/index.php\/carpas-plegables\/","title":{"rendered":"Carpas Plegables"},"content":{"rendered":"\n<figure class=\"wp-block-image\"><img loading=\"lazy\" decoding=\"async\" width=\"768\" height=\"1024\" src=\"http:\/\/toldosmarina.com\/wp-content\/uploads\/2019\/01\/IMG_20180510_195649-768x1024.jpg\" alt=\"\" class=\"wp-image-445\" srcset=\"https:\/\/toldosmarina.com\/wp-content\/uploads\/2019\/01\/IMG_20180510_195649-768x1024.jpg 768w, https:\/\/toldosmarina.com\/wp-content\/uploads\/2019\/01\/IMG_20180510_195649-225x300.jpg 225w\" sizes=\"auto, (max-width: 768px) 100vw, 768px\" \/><\/figure>\n\n\n\n<figure class=\"wp-block-image\"><img loading=\"lazy\" decoding=\"async\" width=\"1024\" height=\"768\" src=\"http:\/\/toldosmarina.com\/wp-content\/uploads\/2019\/01\/P1000486-1-1024x768.jpg\" alt=\"\" class=\"wp-image-446\" srcset=\"https:\/\/toldosmarina.com\/wp-content\/uploads\/2019\/01\/P1000486-1-1024x768.jpg 1024w, https:\/\/toldosmarina.com\/wp-content\/uploads\/2019\/01\/P1000486-1-300x225.jpg 300w, https:\/\/toldosmarina.com\/wp-content\/uploads\/2019\/01\/P1000486-1-768x576.jpg 768w\" sizes=\"auto, (max-width: 1024px) 100vw, 1024px\" \/><\/figure>\n\n\n\n<p>Carpa 50 m\/m\u00a0de 2 x 2 , 3 x 2 , 3 x 3 , 4,5 x 3 y 6 x 3.<br>Caracter\u00edsticas: Carpa plegable de f\u00e1cil y r\u00e1pido montaje. Formada por estructura de aluminio reforzada de color plata con columnas telesc\u00f3picas hexagonales de aluminio de 50 x 1.5 mm . Perfil pant\u00f3grafo de aluminio de 26 x 13 x 1.5 mm. Accesorios de aluminio fundido a presi\u00f3n y de acero. Sistema de bloqueo con pernos de acero a bayoneta. Lona superior DE 450g color blanco de serie realizada con tejido de poli\u00e9ster revestido de PVC, con costuras protegidas por cinta termo soldada. Disponible tambi\u00e9n en la versi\u00f3n con tejido ignifugo. Colores blanco, amarillo, naranja, verde, rojo y negro.<\/p>\n\n\n\n<p>Accesorios de serie: Bolsa con ruedas para el transporte. Cuerdas y piquetas.<\/p>\n\n\n\n<p><\/p>\n\n\n\n<p><\/p>\n\n\n\n<figure class=\"wp-block-image\"><img loading=\"lazy\" decoding=\"async\" width=\"1024\" height=\"768\" src=\"http:\/\/toldosmarina.com\/wp-content\/uploads\/2019\/01\/P1010087-1024x768.jpg\" alt=\"\" class=\"wp-image-354\" srcset=\"https:\/\/toldosmarina.com\/wp-content\/uploads\/2019\/01\/P1010087-1024x768.jpg 1024w, https:\/\/toldosmarina.com\/wp-content\/uploads\/2019\/01\/P1010087-300x225.jpg 300w, https:\/\/toldosmarina.com\/wp-content\/uploads\/2019\/01\/P1010087-768x576.jpg 768w\" sizes=\"auto, (max-width: 1024px) 100vw, 1024px\" \/><\/figure>\n\n\n\n<figure class=\"wp-block-image\"><img loading=\"lazy\" decoding=\"async\" width=\"1024\" height=\"768\" src=\"http:\/\/toldosmarina.com\/wp-content\/uploads\/2019\/01\/IMG_20180828_092014-1024x768.jpg\" alt=\"\" class=\"wp-image-447\" srcset=\"https:\/\/toldosmarina.com\/wp-content\/uploads\/2019\/01\/IMG_20180828_092014-1024x768.jpg 1024w, https:\/\/toldosmarina.com\/wp-content\/uploads\/2019\/01\/IMG_20180828_092014-300x225.jpg 300w, https:\/\/toldosmarina.com\/wp-content\/uploads\/2019\/01\/IMG_20180828_092014-768x576.jpg 768w\" sizes=\"auto, (max-width: 1024px) 100vw, 1024px\" \/><\/figure>\n\n\n\n<figure class=\"wp-block-image\"><img loading=\"lazy\" decoding=\"async\" width=\"768\" height=\"1024\" src=\"http:\/\/toldosmarina.com\/wp-content\/uploads\/2019\/01\/P1000154-768x1024.jpg\" alt=\"\" class=\"wp-image-448\" srcset=\"https:\/\/toldosmarina.com\/wp-content\/uploads\/2019\/01\/P1000154-768x1024.jpg 768w, https:\/\/toldosmarina.com\/wp-content\/uploads\/2019\/01\/P1000154-225x300.jpg 225w\" sizes=\"auto, (max-width: 768px) 100vw, 768px\" \/><\/figure>\n","protected":false},"excerpt":{"rendered":"<p>Carpa 50 m\/m\u00a0de 2 x 2 , 3 x 2 , 3 x 3 , 4,5 x 3 y 6 x 3.Caracter\u00edsticas: Carpa plegable de f\u00e1cil y r\u00e1pido montaje. Formada por estructura de aluminio reforzada de color plata con columnas telesc\u00f3picas hexagonales de aluminio de 50 x 1.5 mm . Perfil pant\u00f3grafo de aluminio de [&hellip;]<\/p>\n","protected":false},"author":4,"featured_media":0,"parent":0,"menu_order":0,"comment_status":"closed","ping_status":"closed","template":"","meta":{"footnotes":""},"class_list":["post-49","page","type-page","status-publish","hentry"],"_links":{"self":[{"href":"https:\/\/toldosmarina.com\/index.php\/wp-json\/wp\/v2\/pages\/49","targetHints":{"allow":["GET"]}}],"collection":[{"href":"https:\/\/toldosmarina.com\/index.php\/wp-json\/wp\/v2\/pages"}],"about":[{"href":"https:\/\/toldosmarina.com\/index.php\/wp-json\/wp\/v2\/types\/page"}],"author":[{"embeddable":true,"href":"https:\/\/toldosmarina.com\/index.php\/wp-json\/wp\/v2\/users\/4"}],"replies":[{"embeddable":true,"href":"https:\/\/toldosmarina.com\/index.php\/wp-json\/wp\/v2\/comments?post=49"}],"version-history":[{"count":7,"href":"https:\/\/toldosmarina.com\/index.php\/wp-json\/wp\/v2\/pages\/49\/revisions"}],"predecessor-version":[{"id":449,"href":"https:\/\/toldosmarina.com\/index.php\/wp-json\/wp\/v2\/pages\/49\/revisions\/449"}],"wp:attachment":[{"href":"https:\/\/toldosmarina.com\/index.php\/wp-json\/wp\/v2\/media?parent=49"}],"curies":[{"name":"wp","href":"https:\/\/api.w.org\/{rel}","templated":true}]}}